e -24*l = 8*l - 224. What is the remainder when d is divided by l?
3
Let b(q) = q**3 + 10*q**2 - 6*q + 10. Let t = 70 + -79. Calculate the remainder when b(t) is divided by (-1 - 1)*42/(-4).
19
Let n = 9156 - 9153. Calculate the remainder when 253 is divided by n.
1
Let m = -5447 + 5870. What is the remainder when m is divided by 94?
47
Suppose 0 = 318*y + 323 - 5093. Calculate the remainder when y is divided by (-7 - 0)*6/(-6).
1
Let k(y) = -10*y + 211. Let u be k(12). Suppose -2*l - 3*w + 33 = 0, 4*l + 3*w = u - 22. What is the remainder when 107 is divided by l?
17
Let o be -5 + ((-8)/3)/((-2)/3). Calculate the remainder when 105 is divided by 3 - (-7 + 3 - -4)/o.
0
Let k be (-2481)/6 + -2 - 2/(-4). Let p = 537 + k. Calculate the remainder when p is divided by 63.
59
Let m(v) = -v**3 - 8*v**2 + 6*v - 7. Let d = 291 - 213. Calculate the remainder when d is divided by m(-9).
18
Let n = -3456 + 3792. What is the remainder when n is divided by 30?
6
Suppose 326*l - 5300 = 273*l. What is the remainder when 553 is divided by l?
53
Suppose 2873*g - 2*u + 336 = 2877*g, -2*g + 168 = 3*u. Suppose -3*x = x - 88. Calculate the remainder when g is divided by x.
18
Let v(r) = -3*r**2 - 90*r + 410. What is the remainder when 270 is divided by v(-33)?
44
Let m(o) = -1964*o + 5911. Let c(f) = -f**2 + 4*f + 5. Let y be 1/(-3) + (-39)/(-9). What is the remainder when m(3) is divided by c(y)?
4
Suppose 13*y = 125 + 5. Suppose 0 = 5*v - 162 - 83. What is the remainder when v is divided by y?
9
Let c = 352 - 347. Suppose 3*u + c*s - 941 = 0, u - 186 - 121 = -5*s. Calculate the remainder when u is divided by 64.
61
Let g = 39308 - 39286. Let f(b) = -b**2 + 6*b + 2. What is the remainder when g is divided by f(3)?
0
Let d = 3 + 16. Suppose 2 + 0 = 2*m. Suppose 16 - m = 3*k. What is the remainder when d is divided by k?
4
Suppose v + 2*l - 5 = 0, 5*v - l = -3*l + 33. Suppose 164 = 5*b - 2*r, -v*b + 65 = -5*b - r. Calculate the remainder when 95 is divided by b.
27
What is the remainder when 1521 is divided by 303309/1005 + (-4)/20*-1?
11
Let p = -1769 + 1785. Calculate the remainder when 268 is divided by p.
12
Calculate the remainder when 34 is divided by (24/(-16) + 1/2)*-31.
3
Let b = 1055 - 962. Calculate the remainder when 3160 is divided by b.
91
Let d(h) = 5*h**2 - 26*h - 2. Let u be d(8). Suppose -154 = -4*i - u. What is the remainder when 53 is divided by i?
9
Suppose 0 = -4*u + s + 2792, -6*u + 719 = -5*u + 5*s. Suppose -8*y + 3*m - 345 = -10*y, -4*y + u = -3*m. What is the remainder when y is divided by 44?
42
Let n = -6101 + 9661. Suppose 19*b - 29*b = -n. Calculate the remainder when b is divided by 17.
16
Let h = 27 + -21. Suppose h - 22 = -j. Suppose 33*f = 17*f + 880. What is the remainder when f is divided by j?
7
Suppose -y - 2*y - 5*y = 0. Suppose y = 28*t - 52*t + 4296. Calculate the remainder when t is divided by 36.
35
Calculate the remainder when 606/2121 - 1279/(-7) is divided by 113.
70
Let p(o) be the second derivative of 23*o**4/12 - 7*o**3/3 - 13*o**2/2 - 102*o. Calculate the remainder when 43 is divided by p(-1).
19
Let w(i) = -i**3 + 6*i**2 + 9*i - 9. Let k be (16/10 - 1)*(3 - -7). Let o be w(k). Calculate the remainder when (-4)/(-18) + 845/o - 2 is divided by 9.
8
Calculate the remainder when (-44914)/(-68) + (0 - (-3)/6) is divided by 30.
1
Let z = 133 - 74. Let c = 74 - z. What is the remainder when (-7 + 84/16)/((-1)/16) is divided by c?
13
Let m = -65 + 68. Suppose -3*d = -7*d + 4*a - 192, -m*d - 123 = 4*a. Let l = 66 + d. Calculate the remainder when 80 is divided by l.
17
Let q = 24650 - 24592. Calculate the remainder when q is divided by 35.
23
Suppose -100*d + 35*d + 17615 = 0. Calculate the remainder when d is divided by 8.
7
Suppose -4*z = 5*u, u + 3*z + 11 + 0 = 0. What is the remainder when 2*((-44)/(-66))/(u/474) is divided by 53?
52
Let b = 159 + -162. Let j = 154 + -91. Calculate the remainder when j is divided by (225/6 + b)*(-18)/(-27).
17
Let f(u) = -u**3 - 15*u**2 + 8*u + 10. Let b be f(-15). Let p = -87 - b. Suppose -1 = -q + p. What is the remainder when 68 is divided by q?
20
Let f(d) = -d**3 + 76*d**2 - 68*d - 254. Calculate the remainder when 1049 is divided by f(75).
236
Suppose -6*n + 10*n = 4*l, 0 = l - 3*n. Suppose t + 4*j - 32 = l, -49 = -2*t + 6*j - 9*j. What is the remainder when 97 is divided by t?
17
Suppose -5*c + 4*q + 51 = 37, 4*c = 5*q + 4. What is the remainder when 105 is divided by c?
3
Suppose -3*m - 332 = -71. Suppose -4*h + 12 = -5*h. Let l = h - m. What is the remainder when l is divided by 19?
18
Let c = -30 - -70. Suppose 0 = -9*q - 0 - 9. Calculate the remainder when c is divided by -2 - q - 10/5*-11.
19
Suppose 2*k - j - 208 = -825, 2*j - 10 = 0. Let x = k + 337. What is the remainder when 120 is divided by x?
27
What is the remainder when 364 is divided by ((-6)/1)/((-12)/316)?
48
Suppose 4 = -3*p - 14. Let c be (-5 - p - 2)*115. Let u = c + 130. Calculate the remainder when 26 is divided by u.
11
Let m = -18084 + 18337. Calculate the remainder when m is divided by 37.
31
Let f(g) = g**2 + 262*g - 10652. Let l = 32 + -15. What is the remainder when f(39) is divided by l?
16
Let i(v) = -48*v + 1214. Calculate the remainder when i(-21) is divided by 16.
14
Let l = 897934 + -897896. Calculate the remainder when 3/(0 - (-3)/92) is divided by l.
16
Let p = 300 - -254. Let x = -390 + p. Calculate the remainder when x is divided by 14.
10
Let d = -43237 - -43238. Calculate the remainder when 175 is divided by d.
0
Let y(u) be the first derivative of -u**4/4 - 2*u**3/3 - u**2 + 211*u - 65. What is the remainder when y(0) is divided by 46?
27
Let o(v) be the first derivative of 7*v**3/3 + 13*v**2/2 + 56*v + 66. Calculate the remainder when o(10) is divided by 74.
72
Let g = -13355 + 20434. What is the remainder when g is divided by 154?
149
What is the remainder when 319 is divided by (265/20*2)/((-35)/(-210))?
1
Suppose 11 = -5*q + 21. Suppose q*g + 2*g - 28 = 0. Let i(r) = 3*r**2 - 9*r - 10. What is the remainder when i(g) is divided by 26?
22
Suppose -295 = -27*u + 299. Suppose 4165 = -4*l + 4585. What is the remainder when l is divided by u?
17
Let u(x) = 15*x**3 + 5*x**2 + 24*x - 88. Calculate the remainder when u(6) is divided by 183.
182
Suppose s = -75*t + 73*t + 98, 5*t + 3*s = 244. Let b be (2 - -37) + 1 + 2. Let a = t - b. What is the remainder when 22 is divided by a?
6
Let d(n) = 158*n + 2. Suppose -3*i = -3*g - 3560 + 3296, -3*i = -5*g - 280. Calculate the remainder when d(3) is divided by i.
76
Calculate the remainder when 3618 is divided by (-18)/15*-4*10/6.
2
Suppose 394*r - 342*r = 4628. Suppose -4*m = -5*t + 2 - 119, 0 = 5*m + 2*t - 105. What is the remainder when r is divided by m?
20
Suppose 2*y - 136 = 4*j, -4*y - 9*j + 265 = -16*j. Calculate the remainder when y is divided by 28.
26
Suppose -2*q + 0*q - 12 = 4*t, 5*q - 5*t - 15 = 0. Let x(g) = g**2 + 4*g + 54. Let l = 30 + -15. Calculate the remainder when x(q) is divided by l.
9
Let b(h) = 39*h + 122. Let p be b(-3). Suppose g + 4*g = -3*a + 133, p*a - g - 259 = 0. What is the remainder when 454 is divided by a?
46
Let q = 7537 + -7273. Calculate the remainder when q is divided by 91.
82
Let t(c) = 58*c - 66. What is the remainder when 268 is divided by t(2)?
18
Let t = 1 - 19. Let o(d) = d**3 - 58*d**2 - 129*d + 574. Calculate the remainder when 1/(-2) - 1215/t is divided by o(60).
33
Let y be (18/8)/((-24)/(-2752)). Let n = y + -218. What is the remainder when 276 is divided by n?
36
Let x = -499 + 142. Let a = 420 + x. Calculate the remainder when a is divided by 5.
3
Suppose 4*m + 4*x - 80 = 0, -4*m + 0*x + 2*x = -50. Suppose 0*u = 5*o + u - 36, 40 = 5*o + 5*u. What is the remainder when m is divided by o?
1
Let g = -439 + 516. Let k be (-900)/(-27) - (-4)/(-3). Suppose 3*i = -k + 152. Calculate the remainder when g is divided by i.
37
Suppose 5*f = 4*u + 3, 5*u + 2*f = 4*f + 9. Suppose 323 = u*l + 2*b, -36*l + 40*l + b = 439. Calculate the remainder when l is divided by 56.
55
Let v be 10754/(-57)*(-3)/(-2). Let t = 545 + v. What is the remainder when t is divided by 67?
61
Suppose 2*o + 8 = -5*u, 6*u + 5*o = u - 5. Let b be 0*4*u/(-8). Suppose b = 4*h - 2*t - 82, -h - 3*t + 4 = -27. What is the remainder when 